. Let y be ((-1)/2)/(2/(-20)). Is (-3)/(v + -2)*y a prime number?
False
Let h(u) = u**2 + 18*u - 38. Let i be h(-20). Let z(d) = d - d**2 + 1 + d**2 + d**2 + 13*d**3. Is z(i) a composite number?
True
Let x(p) be the second derivative of 7*p**3/3 - 7*p**2/2 - 26*p. Suppose 4*l - 11 = 13. Is x(l) a composite number?
True
Let g(p) = p**3 - 4*p**2 - p - 4. Let l be g(5). Suppose -2*o + l = 4*n, 2*o + n - 4 = 5*o. Suppose 2*v - 4*v + 98 = o. Is v composite?
True
Suppose -3*b - 42 + 114 = 2*i, 5*b + 2*i - 124 = 0. Is b composite?
True
Is ((-3941)/21)/(2/(-6)) a prime number?
True
Let o = 2915 - 1860. Is o a composite number?
True
Suppose -3*w = 2*k - 3, -k + 14 = 4*k + w. Suppose 15 = -3*d, -n = -0*n - k*d - 27. Suppose 0 = -2*p - 0*p + n. Is p prime?
False
Suppose -5*h = 3*n + 816 + 143, -4*n + 3*h = 1298. Let g = 508 + n. Is g a composite number?
True
Suppose -10*w = -9*w - 71. Is w a composite number?
False
Let k(v) = 12*v**2 + 5*v - 16. Is k(-11) a prime number?
True
Suppose 3*a = 3*u + 78, -3*a + 11 = -5*u - 115. Let j = -3 - u. Is j composite?
True
Let z(s) = -s + 2. Let a be z(2). Suppose -5*j + 3*n + 12 = a, -5*j + 12 = -2*j - 3*n. Is 76 - 3/(j - 3) a composite number?
True
Suppose c + 21 = -2*c. Let m = 84 + c. Is m prime?
False
Let y = 15 - -170. Is y a prime number?
False
Let w = -133 + 47. Let x = w - -249. Is x a prime number?
True
Let d be (-8)/12 + (-20)/(-3). Let x(c) = 14*c - 9. Let u be x(d). Let s = u - -14. Is s a composite number?
False
Is (-7 - (-8298)/42) + (-3)/(-7) composite?
False
Let u = 10 + -12. Is u - -3 - 4*-28 a composite number?
False
Let x(m) be the second derivative of -11*m**4/12 - m**3/3 - 6*m**2 - m. Let d(t) = 21*t**2 + 4*t + 23. Let g(h) = 6*d(h) + 11*x(h). Is g(-5) a prime number?
False
Suppose -3*o - 3 = -4*o. Suppose -h - 4*h - 5 = 0, -3*h - o = -4*g. Is 17 + (-2 - g - 0) a composite number?
True
Let z(r) = 12*r + 7 + 18*r - 4. Is z(6) a prime number?
False
Let n(x) = x - 3. Suppose l + 0*l = 0. Let u be n(l). Let s(i) = 3*i**2 + 5*i + 2. Is s(u) composite?
True
Let b(v) = 3*v**2 - 2*v + 2. Suppose 0 = -2*u + 4 + 2. Is b(u) prime?
True
Suppose -3344 = 4*n - 23500. Is n a composite number?
False
Let o = -992 + 1514. Suppose 0*w + 2*w - o = -4*x, -3*w = 3*x - 390. Is x composite?
False
Let q be 14 - (-1)/(-3)*0. Let k = q - -29. Is k a prime number?
True
Let m be (30/25)/(4/310). Suppose -2*u = -5*a + 32, 0 = 3*a - 4*a + 3*u + 9. Suppose -3*z = -a*z + m. Is z a composite number?
False
Let w = -125 + 234. Is w a prime number?
True
Let l(p) = -p**2 - 2*p + 0 + 1 + p**3 + 6*p**3. Let i be l(2). Suppose 0 = g - 2*g + i. Is g prime?
False
Is 2/4 - 1178/(-4) a prime number?
False
Let z(y) = -10*y + 1. Let d be 0 + -2 + 1 + -1. Let c be d/3 - 1/3. Is z(c) composite?
False
Suppose 4*x - 4 = -0*k - 4*k, 0 = 4*k - 5*x + 5. Suppose 7*t - 2*t - 185 = k. Is t composite?
False
Suppose -4*b - 5*m = -3661, 2*b - 1597 - 250 = 3*m. Is b prime?
True
Is (-3622)/(-14) + (-4)/(-14) a prime number?
False
Let y(b) = 15*b**3 + 2*b**2 + 6*b - 5. Let p be y(4). Is (-4)/10 - p/(-15) composite?
False
Suppose p = 2*p - 80. Let i = -22 + p. Is i composite?
True
Let d = 134 - 65. Suppose 5*z = -0*z - 190. Let n = z + d. Is n prime?
True
Let l = -442 + 619. Suppose s + s - 2*x - 374 = 0, 4*x - l = -s. Is s prime?
False
Let b = -5657 + 12834. Is b prime?
True
Let u(d) = -50*d + 9. Let v(k) = -25*k + 5. Let p(m) = 2*u(m) - 5*v(m). Let f be p(-5). Is -3*(-2)/6 - f a prime number?
False
Suppose 5*m = 4*g + 145, -5*m + 151 - 1 = -3*g. Is m a composite number?
True
Let v(u) = 2*u**3 + 2*u**2 + 1. Suppose 9*g - 4*g - 4*i = 18, 0 = -g + 2*i + 6. Let q be v(g). Suppose -3*x = -t - 2 - 180, 0 = 5*t + q. Is x a prime number?
True
Let s = 5 - 8. Let c(x) = 7*x**2 + 3*x + 4. Let d be c(s). Is d/4 - (-5)/10 prime?
False
Suppose 4 = 2*j - 4. Let p = 14 - 10. Suppose p*r - 298 = 5*d, 0 = -j*r + 2*d + 178 + 126. Is r prime?
False
Suppose 34 = 5*x - 4*w, -3*x - 5*w + 46 = -w. Let c = x + -15. Let u(r) = -17*r - 6. Is u(c) composite?
False
Suppose 2*l - 10 + 4 = 0. Suppose -l*o + 353 = -10. Is o a composite number?
True
Let r(u) = -u**3 - 4*u**2 + 2*u + 9. Let l be r(-7). Let d = l + -75. Is d a composite number?
False
Let q(p) be the second derivative of p + 0 + 2/3*p**4 - 1/2*p**2 + 0*p**3. Is q(-2) a composite number?
False
Suppose -921 = 2*v - 5*v. Is v a composite number?
False
Is (-426)/(-9) + (-5)/15 prime?
True
Suppose -4*u - 4*n + 16 = 0, 2*u + n - 6 = -0*n. Let v be ((-4)/12)/(u/(-36)). Suppose -2*x + 8 = t, v*t - 2*t + 2*x - 38 = 0. Is t a composite number?
True
Suppose -178 = 2*y - 0*y. Suppose -7*i = -3*i - 840. Let n = y + i. Is n a prime number?
False
Suppose -5*z = 230 + 75. Let n = -35 - z. Suppose -10 = -4*a - 4*d + 6, -2*a + n = -4*d. Is a a prime number?
True
Suppose 3*q + 4 + 38 = 0. Let h be (-31158)/(-21) + (-4)/q. Suppose -5*v + v = -h. Is v prime?
False
Is (-3)/4 + 7550/8 composite?
True
Suppose 0 = -3*z - 0*z + 726. Suppose w - 109 = -4*d + z, d = 5*w + 114. Is d a prime number?
True
Suppose 2*y - 7*y + 20 = 0. Suppose 0*c = y*c. Suppose -4*x = -5*w - 158, c = -3*x + 4*x - 2*w - 41. Is x composite?
False
Let r = 27 + -4. Is r composite?
False
Let x(w) = w - 5. Let d be x(10). Suppose 0 = 2*g - d*g + 207. Is g a prime number?
False
Is -19*5/10*-22 a prime number?
False
Let t(i) = -3*i**3 + 5*i**2 + 2*i - 1. Suppose 4 = -4*c - 8. Is t(c) composite?
True
Suppose 10*f + 5403 = 13*f. Is f composite?
False
Suppose -3*v - y + 227 = -203, v + 2*y = 140. Let j = 191 + v. Is j composite?
True
Suppose 0 = 5*f + h + 266, -4*h - 110 = f + f. Let x = -12 - -112. Let v = f + x. Is v composite?
False
Let x = -482 + 1227. Is x composite?
True
Suppose 191 - 593 = -2*k. Suppose 3*i - 7*i + 457 = 5*f, -k = -2*i + 3*f. Suppose -j = -l - i, -3*l + 20 = l. Is j a composite number?
False
Let q = -176 - -303. Is q a composite number?
False
Suppose 4*b = 6*b - 314. Is b a prime number?
True
Let b(g) = 14*g. Let q be b(3). Is q/(-4)*70/(-21) prime?
False
Suppose -462 = -2*b - 16. Is b a prime number?
True
Suppose -2*w + 16 = 2*n, -7 = -w - 5*n + 13. Suppose y + 4*p + 634 = 0, -3*y + 0*y - w*p - 1916 = 0. Is 3/2 - y/12 a composite number?
True
Suppose -2*j - d = -981, -488 = -j + 3*d - 6*d. Is j prime?
True
Suppose 0 = -4*m + 2*m + 250. Suppose -5*z - 195 = -5*b - z, -m = -4*b - 3*z. Is b composite?
True
Suppose -4*b + 5691 = 3*b. Is b prime?
False
Suppose -220 = -2*a + 2*l, 224 = 4*a + l - 211. Is a prime?
True
Suppose 0 = 3*c + h - 6, 0 = -7*h + 2*h - 15. Is c prime?
True
Suppose -2*t - 6 = -0*t. Let b(i) = -5*i - 4. Let g be b(t). Let y(n) = -n**3 + 12*n**2 + 10*n + 2. Is y(g) prime?
True
Let n(x) be the third derivative of -3/40*x**6 + 0 + x**2 + 0*x + 1/60*x**5 + 1/6*x**3 + 1/24*x**4. Is n(-1) a composite number?
True
Let p be (-3)/6*0/1. Let j(g) = 9*g + p - 3 + 0 + 11*g. Is j(3) a prime number?
False
Let g = 326 + -72. Is g a prime number?
False
Suppose -1492 = -i + 607. Is i a prime number?
True
Suppose -5*i + 7727 = 4*w, 2*i + 2*w - 2504 - 588 = 0. Is i prime?
True
Let k(i) = 8*i**2 - 4*i - 1. Is k(3) a prime number?
True
Let u(a) = a + 7. Let v be u(-5). Suppose -5*d + 366 + 143 = 2*w, 4*w + v*d = 1026. Is w prime?
True
Let a be (-10)/45 + (-4)/(-18). Suppose x - 4*x + 9 = a. Is x a prime number?
True
Let r be 36/8 - 1/(-2). Let p = 10 - r. Suppose -p*s + 487 = 32. Is s a composite number?
True
Is ((-524)/12)/((-2)/6) a composite number?
False
Suppose -4*d = -d - 882. Suppose 4*o - t = 234, 5*o - d = -0*o + 2*t. Is o prime?
False
Suppose 4*r - 528 = -w + 5, -5*w + 5*r + 2715 = 0. Is w a prime number?
True
Suppose 6 = 3*z - z. Suppose z*f - 54 - 57 = 0. Let w = f + -4. Is w a prime number?
False
Suppose -10 = 2*z, -3*q + 5 = -5*z - 20. Suppose 5*l + p = 3*p + 1463, q = 2*l + 5*p - 562. Is l a composite number?
True
Let v(u) be the second derivative of -u**4/12 + 5*u**3/6 + u**2 + 2*u. Let l be v(5). Suppose l*x + 19 = 3*x. Is x a prime number?
True
Let j = 440 - 291. Is j a composite number?
False
Let j = 32 + -9. Is j composite?
False
Suppose 0 = -2*f + 3*f - 5*l - 118, 5*l = 5*f - 690. Let r = f - 78. Is r prime?
False
Let p(v) = v + 34. Let z be p(0). Let y = z + -5. Let c = 48 - y. Is c a composite number?
False
Let f(s) = -s**2 - 11*s. Let b b